{"id":36494,"date":"2023-12-18T12:49:46","date_gmt":"2023-12-18T12:49:46","guid":{"rendered":"https:\/\/athensattica.com\/events\/gn%ce%bf-seven-deaths-of-maria-callas\/"},"modified":"2024-06-19T08:51:00","modified_gmt":"2024-06-19T08:51:00","slug":"opera-national-grec-a-la-snfcc-les-sept-morts-de-maria-callas","status":"publish","type":"events","link":"https:\/\/athensattica.com\/fr\/events\/opera-national-grec-a-la-snfcc-les-sept-morts-de-maria-callas\/","title":{"rendered":"Op\u00e9ra National Grec \u00e0 la SNFCC: Les Sept Morts de Maria Callas\u00a0"},"content":{"rendered":"","protected":false},"featured_media":23762,"template":"","event_categories":[7955],"areas":[],"class_list":["post-36494","events","type-events","status-publish","has-post-thumbnail","hentry","event_categories-arts-fr"],"acf":[],"yoast_head":"<!-- This site is optimized with the Yoast SEO Premium plugin v25.2 (Yoast SEO v27.1.1) - https:\/\/yoast.com\/product\/yoast-seo-premium-wordpress\/ -->\n<title>Op\u00e9ra National Grec \u00e0 la SNFCC: Les Sept Morts de Maria Callas\u00a0 | Ath\u00e8nes Attique<\/title>\n<meta name=\"description\" content=\"L\u2019Op\u00e9ra National grec revient dans la salle Stavros Niarchos de la SNFCC pour pr\u00e9senter une grande coproduction internationale les 24, 25, 26, 28 et 29 septembre 2021: le nouveau projet d&#8217;op\u00e9ra ambitieux de la pr\u00eatresse de l&#8217;art de la performance Marina Abramovi\u0107 pour la diva absolue Maria Callas intitul\u00e9 7 Morts de Maria Callas.\" \/>\n<meta name=\"robots\" content=\"index, follow, max-snippet:-1, max-image-preview:large, max-video-preview:-1\" \/>\n<link rel=\"canonical\" href=\"https:\/\/athensattica.com\/fr\/events\/opera-national-grec-a-la-snfcc-les-sept-morts-de-maria-callas\/\" \/>\n<meta property=\"og:locale\" content=\"fr_FR\" \/>\n<meta property=\"og:type\" content=\"article\" \/>\n<meta property=\"og:title\" content=\"Op\u00e9ra National Grec \u00e0 la SNFCC: Les Sept Morts de Maria Callas\u00a0\" \/>\n<meta property=\"og:description\" content=\"L\u2019Op\u00e9ra National grec revient dans la salle Stavros Niarchos de la SNFCC pour pr\u00e9senter une grande coproduction internationale les 24, 25, 26, 28 et 29 septembre 2021: le nouveau projet d&#8217;op\u00e9ra ambitieux de la pr\u00eatresse de l&#8217;art de la performance Marina Abramovi\u0107 pour la diva absolue Maria Callas intitul\u00e9 7 Morts de Maria Callas.\" \/>\n<meta property=\"og:url\" content=\"https:\/\/athensattica.com\/fr\/events\/opera-national-grec-a-la-snfcc-les-sept-morts-de-maria-callas\/\" \/>\n<meta property=\"og:site_name\" content=\"Visitez l&#039;Attique\" \/>\n<meta property=\"article:modified_time\" content=\"2024-06-19T08:51:00+00:00\" \/>\n<meta property=\"og:image\" content=\"https:\/\/athensattica.com\/wp-content\/uploads\/2023\/12\/epta-thanatoi-maria-kallas-1.jpg\" \/>\n\t<meta property=\"og:image:width\" content=\"1280\" \/>\n\t<meta property=\"og:image:height\" content=\"853\" \/>\n\t<meta property=\"og:image:type\" content=\"image\/jpeg\" \/>\n<meta name=\"twitter:card\" content=\"summary_large_image\" \/>\n<meta name=\"twitter:label1\" content=\"Est. reading time\" \/>\n\t<meta name=\"twitter:data1\" content=\"1 minute\" \/>\n<script type=\"application\/ld+json\" class=\"yoast-schema-graph\">{\"@context\":\"https:\/\/schema.org\",\"@graph\":[{\"@type\":\"WebPage\",\"@id\":\"https:\/\/athensattica.com\/fr\/events\/opera-national-grec-a-la-snfcc-les-sept-morts-de-maria-callas\/\",\"url\":\"https:\/\/athensattica.com\/fr\/events\/opera-national-grec-a-la-snfcc-les-sept-morts-de-maria-callas\/\",\"name\":\"Op\u00e9ra National Grec \u00e0 la SNFCC: Les Sept Morts de Maria Callas\u00a0 | Ath\u00e8nes Attique\",\"isPartOf\":{\"@id\":\"https:\/\/athensattica.com\/fr\/#website\"},\"primaryImageOfPage\":{\"@id\":\"https:\/\/athensattica.com\/fr\/events\/opera-national-grec-a-la-snfcc-les-sept-morts-de-maria-callas\/#primaryimage\"},\"image\":{\"@id\":\"https:\/\/athensattica.com\/fr\/events\/opera-national-grec-a-la-snfcc-les-sept-morts-de-maria-callas\/#primaryimage\"},\"thumbnailUrl\":\"https:\/\/athensattica.com\/wp-content\/uploads\/2023\/12\/epta-thanatoi-maria-kallas-1.jpg\",\"datePublished\":\"2023-12-18T12:49:46+00:00\",\"dateModified\":\"2024-06-19T08:51:00+00:00\",\"description\":\"L\u2019Op\u00e9ra National grec revient dans la salle Stavros Niarchos de la SNFCC pour pr\u00e9senter une grande coproduction internationale les 24, 25, 26, 28 et 29 septembre 2021: le nouveau projet d&#8217;op\u00e9ra ambitieux de la pr\u00eatresse de l&#8217;art de la performance Marina Abramovi\u0107 pour la diva absolue Maria Callas intitul\u00e9 7 Morts de Maria Callas.\",\"breadcrumb\":{\"@id\":\"https:\/\/athensattica.com\/fr\/events\/opera-national-grec-a-la-snfcc-les-sept-morts-de-maria-callas\/#breadcrumb\"},\"inLanguage\":\"fr-FR\",\"potentialAction\":[{\"@type\":\"ReadAction\",\"target\":[\"https:\/\/athensattica.com\/fr\/events\/opera-national-grec-a-la-snfcc-les-sept-morts-de-maria-callas\/\"]}]},{\"@type\":\"ImageObject\",\"inLanguage\":\"fr-FR\",\"@id\":\"https:\/\/athensattica.com\/fr\/events\/opera-national-grec-a-la-snfcc-les-sept-morts-de-maria-callas\/#primaryimage\",\"url\":\"https:\/\/athensattica.com\/wp-content\/uploads\/2023\/12\/epta-thanatoi-maria-kallas-1.jpg\",\"contentUrl\":\"https:\/\/athensattica.com\/wp-content\/uploads\/2023\/12\/epta-thanatoi-maria-kallas-1.jpg\",\"width\":1280,\"height\":853},{\"@type\":\"BreadcrumbList\",\"@id\":\"https:\/\/athensattica.com\/fr\/events\/opera-national-grec-a-la-snfcc-les-sept-morts-de-maria-callas\/#breadcrumb\",\"itemListElement\":[{\"@type\":\"ListItem\",\"position\":1,\"name\":\"Home\",\"item\":\"https:\/\/athensattica.com\/fr\/\"},{\"@type\":\"ListItem\",\"position\":2,\"name\":\"\u00c9v\u00e9nements\",\"item\":\"https:\/\/athensattica.com\/fr\/events\/\"},{\"@type\":\"ListItem\",\"position\":3,\"name\":\"Op\u00e9ra National Grec \u00e0 la SNFCC: Les Sept Morts de Maria Callas\u00a0\"}]},{\"@type\":\"WebSite\",\"@id\":\"https:\/\/athensattica.com\/fr\/#website\",\"url\":\"https:\/\/athensattica.com\/fr\/\",\"name\":\"Visitez l&#039;Attique\",\"description\":\"D\u00e9couvrez tout ce que vous devez savoir sur l\u2019Attique en Gr\u00e8ce.\",\"potentialAction\":[{\"@type\":\"SearchAction\",\"target\":{\"@type\":\"EntryPoint\",\"urlTemplate\":\"https:\/\/athensattica.com\/fr\/?s={search_term_string}\"},\"query-input\":{\"@type\":\"PropertyValueSpecification\",\"valueRequired\":true,\"valueName\":\"search_term_string\"}}],\"inLanguage\":\"fr-FR\"}]}<\/script>\n<!-- \/ Yoast SEO Premium plugin. -->","yoast_head_json":{"title":"Op\u00e9ra National Grec \u00e0 la SNFCC: Les Sept Morts de Maria Callas\u00a0 | Ath\u00e8nes Attique","description":"L\u2019Op\u00e9ra National grec revient dans la salle Stavros Niarchos de la SNFCC pour pr\u00e9senter une grande coproduction internationale les 24, 25, 26, 28 et 29 septembre 2021: le nouveau projet d&#8217;op\u00e9ra ambitieux de la pr\u00eatresse de l&#8217;art de la performance Marina Abramovi\u0107 pour la diva absolue Maria Callas intitul\u00e9 7 Morts de Maria Callas.","robots":{"index":"index","follow":"follow","max-snippet":"max-snippet:-1","max-image-preview":"max-image-preview:large","max-video-preview":"max-video-preview:-1"},"canonical":"https:\/\/athensattica.com\/fr\/events\/opera-national-grec-a-la-snfcc-les-sept-morts-de-maria-callas\/","og_locale":"fr_FR","og_type":"article","og_title":"Op\u00e9ra National Grec \u00e0 la SNFCC: Les Sept Morts de Maria Callas\u00a0","og_description":"L\u2019Op\u00e9ra National grec revient dans la salle Stavros Niarchos de la SNFCC pour pr\u00e9senter une grande coproduction internationale les 24, 25, 26, 28 et 29 septembre 2021: le nouveau projet d&#8217;op\u00e9ra ambitieux de la pr\u00eatresse de l&#8217;art de la performance Marina Abramovi\u0107 pour la diva absolue Maria Callas intitul\u00e9 7 Morts de Maria Callas.","og_url":"https:\/\/athensattica.com\/fr\/events\/opera-national-grec-a-la-snfcc-les-sept-morts-de-maria-callas\/","og_site_name":"Visitez l&#039;Attique","article_modified_time":"2024-06-19T08:51:00+00:00","og_image":[{"width":1280,"height":853,"url":"https:\/\/athensattica.com\/wp-content\/uploads\/2023\/12\/epta-thanatoi-maria-kallas-1.jpg","type":"image\/jpeg"}],"twitter_card":"summary_large_image","twitter_misc":{"Est. reading time":"1 minute"},"schema":{"@context":"https:\/\/schema.org","@graph":[{"@type":"WebPage","@id":"https:\/\/athensattica.com\/fr\/events\/opera-national-grec-a-la-snfcc-les-sept-morts-de-maria-callas\/","url":"https:\/\/athensattica.com\/fr\/events\/opera-national-grec-a-la-snfcc-les-sept-morts-de-maria-callas\/","name":"Op\u00e9ra National Grec \u00e0 la SNFCC: Les Sept Morts de Maria Callas\u00a0 | Ath\u00e8nes Attique","isPartOf":{"@id":"https:\/\/athensattica.com\/fr\/#website"},"primaryImageOfPage":{"@id":"https:\/\/athensattica.com\/fr\/events\/opera-national-grec-a-la-snfcc-les-sept-morts-de-maria-callas\/#primaryimage"},"image":{"@id":"https:\/\/athensattica.com\/fr\/events\/opera-national-grec-a-la-snfcc-les-sept-morts-de-maria-callas\/#primaryimage"},"thumbnailUrl":"https:\/\/athensattica.com\/wp-content\/uploads\/2023\/12\/epta-thanatoi-maria-kallas-1.jpg","datePublished":"2023-12-18T12:49:46+00:00","dateModified":"2024-06-19T08:51:00+00:00","description":"L\u2019Op\u00e9ra National grec revient dans la salle Stavros Niarchos de la SNFCC pour pr\u00e9senter une grande coproduction internationale les 24, 25, 26, 28 et 29 septembre 2021: le nouveau projet d&#8217;op\u00e9ra ambitieux de la pr\u00eatresse de l&#8217;art de la performance Marina Abramovi\u0107 pour la diva absolue Maria Callas intitul\u00e9 7 Morts de Maria Callas.","breadcrumb":{"@id":"https:\/\/athensattica.com\/fr\/events\/opera-national-grec-a-la-snfcc-les-sept-morts-de-maria-callas\/#breadcrumb"},"inLanguage":"fr-FR","potentialAction":[{"@type":"ReadAction","target":["https:\/\/athensattica.com\/fr\/events\/opera-national-grec-a-la-snfcc-les-sept-morts-de-maria-callas\/"]}]},{"@type":"ImageObject","inLanguage":"fr-FR","@id":"https:\/\/athensattica.com\/fr\/events\/opera-national-grec-a-la-snfcc-les-sept-morts-de-maria-callas\/#primaryimage","url":"https:\/\/athensattica.com\/wp-content\/uploads\/2023\/12\/epta-thanatoi-maria-kallas-1.jpg","contentUrl":"https:\/\/athensattica.com\/wp-content\/uploads\/2023\/12\/epta-thanatoi-maria-kallas-1.jpg","width":1280,"height":853},{"@type":"BreadcrumbList","@id":"https:\/\/athensattica.com\/fr\/events\/opera-national-grec-a-la-snfcc-les-sept-morts-de-maria-callas\/#breadcrumb","itemListElement":[{"@type":"ListItem","position":1,"name":"Home","item":"https:\/\/athensattica.com\/fr\/"},{"@type":"ListItem","position":2,"name":"\u00c9v\u00e9nements","item":"https:\/\/athensattica.com\/fr\/events\/"},{"@type":"ListItem","position":3,"name":"Op\u00e9ra National Grec \u00e0 la SNFCC: Les Sept Morts de Maria Callas\u00a0"}]},{"@type":"WebSite","@id":"https:\/\/athensattica.com\/fr\/#website","url":"https:\/\/athensattica.com\/fr\/","name":"Visitez l&#039;Attique","description":"D\u00e9couvrez tout ce que vous devez savoir sur l\u2019Attique en Gr\u00e8ce.","potentialAction":[{"@type":"SearchAction","target":{"@type":"EntryPoint","urlTemplate":"https:\/\/athensattica.com\/fr\/?s={search_term_string}"},"query-input":{"@type":"PropertyValueSpecification","valueRequired":true,"valueName":"search_term_string"}}],"inLanguage":"fr-FR"}]}},"_links":{"self":[{"href":"https:\/\/athensattica.com\/fr\/wp-json\/wp\/v2\/events\/36494","targetHints":{"allow":["GET"]}}],"collection":[{"href":"https:\/\/athensattica.com\/fr\/wp-json\/wp\/v2\/events"}],"about":[{"href":"https:\/\/athensattica.com\/fr\/wp-json\/wp\/v2\/types\/events"}],"wp:featuredmedia":[{"embeddable":true,"href":"https:\/\/athensattica.com\/fr\/wp-json\/wp\/v2\/media\/23762"}],"wp:attachment":[{"href":"https:\/\/athensattica.com\/fr\/wp-json\/wp\/v2\/media?parent=36494"}],"wp:term":[{"taxonomy":"event_categories","embeddable":true,"href":"https:\/\/athensattica.com\/fr\/wp-json\/wp\/v2\/event_categories?post=36494"},{"taxonomy":"areas","embeddable":true,"href":"https:\/\/athensattica.com\/fr\/wp-json\/wp\/v2\/areas?post=36494"}],"curies":[{"name":"wp","href":"https:\/\/api.w.org\/{rel}","templated":true}]}}

Opéra National Grec à la SNFCC: Les Sept Morts de Maria Callas

<!-- This site is optimized with the Yoast SEO Premium plugin v25.2 (Yoast SEO v27.1.1) - https://yoast.com/product/yoast-seo-premium-wordpress/ -->
<title>Opéra National Grec à la SNFCC: Les Sept Morts de Maria Callas  | Athènes Attique</title>
<meta name="description" content="L’Opéra National grec revient dans la salle Stavros Niarchos de la SNFCC pour présenter une grande coproduction internationale les 24, 25, 26, 28 et 29 septembre 2021: le nouveau projet d&#8217;opéra ambitieux de la prêtresse de l&#8217;art de la performance Marina Abramović pour la diva absolue Maria Callas intitulé 7 Morts de Maria Callas." />
<meta name="robots" content="index, follow, max-snippet:-1, max-image-preview:large, max-video-preview:-1" />
<link rel="canonical" href="https://athensattica.com/fr/events/opera-national-grec-a-la-snfcc-les-sept-morts-de-maria-callas/" />
<meta property="og:locale" content="fr_FR" />
<meta property="og:type" content="article" />
<meta property="og:title" content="Opéra National Grec à la SNFCC: Les Sept Morts de Maria Callas " />
<meta property="og:description" content="L’Opéra National grec revient dans la salle Stavros Niarchos de la SNFCC pour présenter une grande coproduction internationale les 24, 25, 26, 28 et 29 septembre 2021: le nouveau projet d&#8217;opéra ambitieux de la prêtresse de l&#8217;art de la performance Marina Abramović pour la diva absolue Maria Callas intitulé 7 Morts de Maria Callas." />
<meta property="og:url" content="https://athensattica.com/fr/events/opera-national-grec-a-la-snfcc-les-sept-morts-de-maria-callas/" />
<meta property="og:site_name" content="Visitez l&#039;Attique" />
<meta property="article:modified_time" content="2024-06-19T08:51:00+00:00" />
<meta property="og:image" content="https://athensattica.com/wp-content/uploads/2023/12/epta-thanatoi-maria-kallas-1.jpg" />
	<meta property="og:image:width" content="1280" />
	<meta property="og:image:height" content="853" />
	<meta property="og:image:type" content="image/jpeg" />
<meta name="twitter:card" content="summary_large_image" />
<meta name="twitter:label1" content="Est. reading time" />
	<meta name="twitter:data1" content="1 minute" />
<script type="application/ld+json" class="yoast-schema-graph">{"@context":"https://schema.org","@graph":[{"@type":"WebPage","@id":"https://athensattica.com/fr/events/opera-national-grec-a-la-snfcc-les-sept-morts-de-maria-callas/","url":"https://athensattica.com/fr/events/opera-national-grec-a-la-snfcc-les-sept-morts-de-maria-callas/","name":"Opéra National Grec à la SNFCC: Les Sept Morts de Maria Callas  | Athènes Attique","isPartOf":{"@id":"https://athensattica.com/fr/#website"},"primaryImageOfPage":{"@id":"https://athensattica.com/fr/events/opera-national-grec-a-la-snfcc-les-sept-morts-de-maria-callas/#primaryimage"},"image":{"@id":"https://athensattica.com/fr/events/opera-national-grec-a-la-snfcc-les-sept-morts-de-maria-callas/#primaryimage"},"thumbnailUrl":"https://athensattica.com/wp-content/uploads/2023/12/epta-thanatoi-maria-kallas-1.jpg","datePublished":"2023-12-18T12:49:46+00:00","dateModified":"2024-06-19T08:51:00+00:00","description":"L’Opéra National grec revient dans la salle Stavros Niarchos de la SNFCC pour présenter une grande coproduction internationale les 24, 25, 26, 28 et 29 septembre 2021: le nouveau projet d&#8217;opéra ambitieux de la prêtresse de l&#8217;art de la performance Marina Abramović pour la diva absolue Maria Callas intitulé 7 Morts de Maria Callas.","breadcrumb":{"@id":"https://athensattica.com/fr/events/opera-national-grec-a-la-snfcc-les-sept-morts-de-maria-callas/#breadcrumb"},"inLanguage":"fr-FR","potentialAction":[{"@type":"ReadAction","target":["https://athensattica.com/fr/events/opera-national-grec-a-la-snfcc-les-sept-morts-de-maria-callas/"]}]},{"@type":"ImageObject","inLanguage":"fr-FR","@id":"https://athensattica.com/fr/events/opera-national-grec-a-la-snfcc-les-sept-morts-de-maria-callas/#primaryimage","url":"https://athensattica.com/wp-content/uploads/2023/12/epta-thanatoi-maria-kallas-1.jpg","contentUrl":"https://athensattica.com/wp-content/uploads/2023/12/epta-thanatoi-maria-kallas-1.jpg","width":1280,"height":853},{"@type":"BreadcrumbList","@id":"https://athensattica.com/fr/events/opera-national-grec-a-la-snfcc-les-sept-morts-de-maria-callas/#breadcrumb","itemListElement":[{"@type":"ListItem","position":1,"name":"Home","item":"https://athensattica.com/fr/"},{"@type":"ListItem","position":2,"name":"Événements","item":"https://athensattica.com/fr/events/"},{"@type":"ListItem","position":3,"name":"Opéra National Grec à la SNFCC: Les Sept Morts de Maria Callas "}]},{"@type":"WebSite","@id":"https://athensattica.com/fr/#website","url":"https://athensattica.com/fr/","name":"Visitez l&#039;Attique","description":"Découvrez tout ce que vous devez savoir sur l’Attique en Grèce.","potentialAction":[{"@type":"SearchAction","target":{"@type":"EntryPoint","urlTemplate":"https://athensattica.com/fr/?s={search_term_string}"},"query-input":{"@type":"PropertyValueSpecification","valueRequired":true,"valueName":"search_term_string"}}],"inLanguage":"fr-FR"}]}</script>
<!-- / Yoast SEO Premium plugin. -->

Opéra National Grec à la SNFCC: Les Sept Morts de Maria Callas  | Athènes Attique

L’Opéra National grec revient dans la salle Stavros Niarchos de la SNFCC pour présenter une grande coproduction internationale les 24, 25, 26, 28 et 29 septembre 2021: le nouveau projet d&#8217;opéra ambitieux de la prêtresse de l&#8217;art de la performance Marina Abramović pour la diva absolue Maria Callas intitulé 7 Morts de Maria Callas.

Événements

Découvrez tout ce que vous devez savoir sur l’Attique en Grèce.
